{"id":911,"date":"2018-08-29T19:58:51","date_gmt":"2018-08-29T22:58:51","guid":{"rendered":"https:\/\/isfd18-bue.infd.edu.ar\/sitio\/espacios-curriculares\/"},"modified":"2020-03-29T18:56:15","modified_gmt":"2020-03-29T21:56:15","slug":"espacios-curriculares","status":"publish","type":"page","link":"https:\/\/isfd18-bue.infd.edu.ar\/sitio\/espacios-curriculares\/","title":{"rendered":"Espacios Curriculares \/ Plan de Estudio"},"content":{"rendered":"<h2 style=\"text-align: center;\">Profesorado de Portugu\u00e9s<\/h2>\n<p>&nbsp;<\/p>\n<p>Plan de Estudio Aprobado por Resoluci\u00f3n N\u00b0\u00a06664\/99, Resoluci\u00f3n N\u00b0 13271\/99\u00a0 y Resoluci\u00f3n N\u00b0 27\/03<\/p>\n<p>&nbsp;<\/p>\n<p><strong>Alcances del\u00a0 T\u00edtulo<\/strong><\/p>\n<p>Los estudiantes que acrediten los aprendizajes correspondientes a los cuatro a\u00f1os obtendr\u00e1n el t\u00edtulo de:\u00a0<strong>PROFESOR DE PORTUGU\u00c9S PARA EL TERCER CICLO DE LA EGB Y LA EDUCACI\u00d3N POLIMODAL<\/strong><\/p>\n<p>&nbsp;<\/p>\n<p>En este espacio encontraran toda la informaci\u00f3n referida al Plan de Estudio del Profesorado de Portugu\u00e9s<\/p>\n<p>&nbsp;<\/p>\n<p><a href=\"https:\/\/isfd18-bue.infd.edu.ar\/aula\/archivos\/repositorio\/\/0\/215\/DC_Portugues_1.pdf\">Dise\u00f1o Curricular Profesorado de Portugu\u00e9s<\/a><\/p>\n<p>&nbsp;<\/p>\n<p><img decoding=\"async\" loading=\"lazy\" class=\"alignnone size-medium wp-image-1476\" src=\"https:\/\/isfd18-bue.infd.edu.ar\/sitio\/wp-content\/uploads\/2020\/03\/WhatsApp-Image-2020-03-29-at-18.50.14-773x1000.jpeg\" alt=\"\" width=\"773\" height=\"1000\" srcset=\"https:\/\/isfd18-bue.infd.edu.ar\/sitio\/wp-content\/uploads\/2020\/03\/WhatsApp-Image-2020-03-29-at-18.50.14-773x1000.jpeg 773w, https:\/\/isfd18-bue.infd.edu.ar\/sitio\/wp-content\/uploads\/2020\/03\/WhatsApp-Image-2020-03-29-at-18.50.14-768x994.jpeg 768w, https:\/\/isfd18-bue.infd.edu.ar\/sitio\/wp-content\/uploads\/2020\/03\/WhatsApp-Image-2020-03-29-at-18.50.14.jpeg 989w\" sizes=\"(max-width: 773px) 100vw, 773px\" \/><\/p>\n","protected":false},"excerpt":{"rendered":"<p>Profesorado de Portugu\u00e9s &nbsp; Plan de Estudio Aprobado por Resoluci\u00f3n N\u00b0\u00a06664\/99, Resoluci\u00f3n N\u00b0 13271\/99\u00a0 y Resoluci\u00f3n N\u00b0 27\/03 &nbsp; Alcances del\u00a0 T\u00edtulo Los estudiantes que acrediten los aprendizajes correspondientes a los cuatro a\u00f1os obtendr\u00e1n el t\u00edtulo de:\u00a0PROFESOR DE PORTUGU\u00c9S PARA EL TERCER CICLO DE LA EGB Y LA EDUCACI\u00d3N POLIMODAL &nbsp; En este espacio encontraran &#8230; <a title=\"Espacios Curriculares \/ Plan de Estudio\" class=\"read-more\" href=\"https:\/\/isfd18-bue.infd.edu.ar\/sitio\/espacios-curriculares\/\" aria-label=\"More on Espacios Curriculares \/ Plan de Estudio\">[+]<\/a><\/p>\n","protected":false},"author":1719,"featured_media":0,"parent":0,"menu_order":0,"comment_status":"closed","ping_status":"closed","template":"","meta":[],"acf":[],"_links":{"self":[{"href":"https:\/\/isfd18-bue.infd.edu.ar\/sitio\/wp-json\/wp\/v2\/pages\/911"}],"collection":[{"href":"https:\/\/isfd18-bue.infd.edu.ar\/sitio\/wp-json\/wp\/v2\/pages"}],"about":[{"href":"https:\/\/isfd18-bue.infd.edu.ar\/sitio\/wp-json\/wp\/v2\/types\/page"}],"author":[{"embeddable":true,"href":"https:\/\/isfd18-bue.infd.edu.ar\/sitio\/wp-json\/wp\/v2\/users\/1719"}],"replies":[{"embeddable":true,"href":"https:\/\/isfd18-bue.infd.edu.ar\/sitio\/wp-json\/wp\/v2\/comments?post=911"}],"version-history":[{"count":12,"href":"https:\/\/isfd18-bue.infd.edu.ar\/sitio\/wp-json\/wp\/v2\/pages\/911\/revisions"}],"predecessor-version":[{"id":1477,"href":"https:\/\/isfd18-bue.infd.edu.ar\/sitio\/wp-json\/wp\/v2\/pages\/911\/revisions\/1477"}],"wp:attachment":[{"href":"https:\/\/isfd18-bue.infd.edu.ar\/sitio\/wp-json\/wp\/v2\/media?parent=911"}],"curies":[{"name":"wp","href":"https:\/\/api.w.org\/{rel}","templated":true}]}}