{"id":1516,"date":"2020-11-30T21:17:23","date_gmt":"2020-12-01T00:17:23","guid":{"rendered":"https:\/\/isfd18-bue.infd.edu.ar\/sitio\/?page_id=1516"},"modified":"2026-02-20T10:42:11","modified_gmt":"2026-02-20T13:42:11","slug":"ingreso-2021","status":"publish","type":"page","link":"https:\/\/isfd18-bue.infd.edu.ar\/sitio\/ingreso-2021\/","title":{"rendered":""},"content":{"rendered":"\n<p class=\"has-text-align-center has-accent-color has-text-color has-x-large-font-size\"><strong>MUY IMPORTANTE<\/strong><\/p>\n\n\n\n<p>Debido al PARO notificado para el d\u00eda jueves 19\/02 los ASPIRANTES al INGRESO del PROFESORADO DE EDUCACI\u00d3N F\u00cdSICA podr\u00e1n presentar los Trabajos Pr\u00e1cticos y la Ficha de Salud el d\u00eda viernes 20\/02 de 8.30 a 14 hs.<\/p>\n\n\n\n<p><strong>_________________________________________________________________________________________________________________________________<\/strong><\/p>\n\n\n\n<p><\/p>\n\n\n\n<p class=\"has-text-align-center has-accent-color has-contrast-3-background-color has-text-color has-background has-large-font-size\"><strong><a rel=\"noreferrer noopener\" href=\"https:\/\/isfd18-bue.infd.edu.ar\/sitio\/wp-content\/uploads\/2025\/12\/FICHA-MEDICA-2-Ciclo-lectivo-2026.pdf\" data-type=\"URL\" data-id=\"https:\/\/isfd18-bue.infd.edu.ar\/sitio\/wp-content\/uploads\/2025\/12\/FICHA-MEDICA-2-Ciclo-lectivo-2026.pdf\" target=\"_blank\">DESCARGAR DE AQU\u00cd <\/a>LA <a href=\"https:\/\/isfd18-bue.infd.edu.ar\/sitio\/wp-content\/uploads\/2025\/12\/FICHA-MEDICA-2-Ciclo-lectivo-2026.pdf\" data-type=\"URL\" data-id=\"https:\/\/isfd18-bue.infd.edu.ar\/sitio\/wp-content\/uploads\/2025\/12\/FICHA-MEDICA-2-Ciclo-lectivo-2026.pdf\" target=\"_blank\" rel=\"noreferrer noopener\">PLANILLA <\/a>DE EXAMEN CL\u00cdNICO<\/strong><\/p>\n\n\n\n<p><strong> _________________________________________________________________________________________________________________________________<\/strong><\/p>\n\n\n\n<p><strong>Datos Institucionales<\/strong>:<\/p>\n\n\n\n<ul>\n<li><em>El Instituto se encuentra ubicado en la Avenida Alsina N\u00b0 1032<\/em><\/li>\n<\/ul>\n\n\n\n<ul>\n<li><em>(Entre Medrano y Pe\u00f1a) \u2013 Banfield Este \u2013 Distrito de Lomas de Zamora<\/em><\/li>\n<\/ul>\n\n\n\n<ul>\n<li><strong><em>\u00bfC\u00f3mo llegar?<\/em><\/strong><\/li>\n<\/ul>\n\n\n\n<ul>\n<li><em>En bus: con 79, 74, 160, 278 C, 266 (7\/8, 6) <\/em><\/li>\n<\/ul>\n\n\n\n<ul>\n<li><em>En tren l\u00ednea Roca hasta la estaci\u00f3n de Banfield y caminar 5 cuadras..<\/em><\/li>\n<\/ul>\n\n\n\n<hr class=\"wp-block-separator has-alpha-channel-opacity\"\/>\n\n\n\n<p class=\"has-text-align-center has-large-font-size\">PROFESORADOS DE INGL\u00c9S Y DE PORTUGU\u00c9S<\/p>\n\n\n\n<p>                                                                             <strong>PROFESORADO DE INGL\u00c9S<\/strong><\/p>\n\n\n\n<p>El d\u00eda 19\/02\/2026 a las 14 hs. se llevar\u00e1 a cabo un encuentro presencial en donde se conversar\u00e1 sobre la instancia evaluativa.<\/p>\n\n\n\n<p>Instancia evaluativa escrita y oral: 25\/02\/2026 a las 14 hs.<\/p>\n\n\n\n<p>Se adjunta <a href=\"https:\/\/isfd18-bue.infd.edu.ar\/sitio\/wp-content\/uploads\/2025\/12\/Aspirantes-al-ingreso-Prof-de-Ingles.pdf\" data-type=\"URL\" data-id=\"https:\/\/isfd18-bue.infd.edu.ar\/sitio\/wp-content\/uploads\/2025\/12\/Aspirantes-al-ingreso-Prof-de-Ingles.pdf\">listado de Aspirantes<\/a> que presentaron el legajo para participar de la instancia evaluativa<\/p>\n\n\n\n<p><\/p>\n\n\n\n<p>                                                                         <strong>PROFESORADO DE PORTUGU\u00c9S<\/strong><\/p>\n\n\n\n<p>Los aspirantes deber\u00e1n participar del encuentro presencial y de la actividad de nivelaci\u00f3n el d\u00eda 25\/02\/2026 a las 18 hs.<\/p>\n\n\n\n<p>Se adjunta <a href=\"https:\/\/isfd18-bue.infd.edu.ar\/sitio\/wp-content\/uploads\/2025\/12\/Listado-de-Aspirantes-al-Ingreso-2026-Prof-de-Portugues.pdf\" data-type=\"URL\" data-id=\"https:\/\/isfd18-bue.infd.edu.ar\/sitio\/wp-content\/uploads\/2025\/12\/Listado-de-Aspirantes-al-Ingreso-2026-Prof-de-Portugues.pdf\">listado de Aspirantes<\/a> que presentaron el legajo para participar de la instancia de nivelaci\u00f3n<\/p>\n\n\n\n<p>_____________________________________________________________________________________________________________________________<\/p>\n\n\n\n<p class=\"has-text-align-center has-large-font-size\">PROFESORADO DE EDUCACI\u00d3N INICIAL<\/p>\n\n\n\n<p>Las y los aspirantes que figuran en el listado  deber\u00e1n entregar el d\u00eda 18\/02\/2026, en la Biblioteca del Instituto, de 9 a 20 hs los Trabajo Pr\u00e1cticos que se especifican en el m\u00f3dulo. Esta actividad confirmar\u00e1 la vacante.<\/p>\n\n\n\n<p>Tambi\u00e9n deber\u00e1n presenta la Planilla de Examen Cl\u00ednico.<\/p>\n\n\n\n<p>En Febrero deber\u00e1n participar de los Encuentros de Ambientaci\u00f3n Institucional presenciales, en fecha y horario a confirmar por este medio en febrero.<\/p>\n\n\n\n<p>Finalizado el sorteo se sube aqu\u00ed el <a href=\"https:\/\/isfd18-bue.infd.edu.ar\/sitio\/wp-content\/uploads\/2025\/12\/Aspirantes-al-ingreso-Prof-de-Ed-Iniccial-2026.pdf\" data-type=\"URL\" data-id=\"https:\/\/isfd18-bue.infd.edu.ar\/sitio\/wp-content\/uploads\/2025\/12\/Aspirantes-al-ingreso-Prof-de-Ed-Iniccial-2026.pdf\">Listado de Aspirantes para el ingreso al Profesorado de Educaci\u00f3n Inicial 2026<\/a><\/p>\n\n\n\n<p class=\"has-contrast-color has-text-color\"><a href=\"https:\/\/isfd18-bue.infd.edu.ar\/sitio\/wp-content\/uploads\/2025\/12\/INICIAL_2026_cuadernillo-de-ingreso.pdf\" data-type=\"URL\" data-id=\"https:\/\/isfd18-bue.infd.edu.ar\/sitio\/wp-content\/uploads\/2025\/12\/INICIAL_2026_cuadernillo-de-ingreso.pdf\">M\u00d3DULO DE ACOMPA\u00d1AMIENTO &#8211; PROF DE EDUCACI\u00d3N INICIAL<\/a><\/p>\n\n\n\n<p>_____________________________________________________________________________________________________________________________<\/p>\n\n\n\n<p class=\"has-text-align-center has-contrast-color has-text-color has-large-font-size\">PROFESORADO DE EDUCACI\u00d3N PRIMARIA<\/p>\n\n\n\n<p>Las y los aspirantes que figuran en el listado  deber\u00e1n entregar el d\u00eda 18\/02\/2026, en la Biblioteca del Instituto, de 9 a 20 hs los Trabajo Pr\u00e1cticos que se especifican en el m\u00f3dulo. Esta actividad confirmar\u00e1 la vacante.<\/p>\n\n\n\n<p>Tambi\u00e9n deber\u00e1n presenta la Planilla de Examen Cl\u00ednico.<\/p>\n\n\n\n<p>En Febrero deber\u00e1n participar de los Encuentros de Ambientaci\u00f3n Institucional presenciales, en fecha y horario a confirmar por este medio en febrero.<\/p>\n\n\n\n<p><a href=\"https:\/\/isfd18-bue.infd.edu.ar\/sitio\/wp-content\/uploads\/2025\/12\/Aspirantes-Ingreso-2026-Prof-de-Ed-Primaria.pdf\" data-type=\"URL\" data-id=\"https:\/\/isfd18-bue.infd.edu.ar\/sitio\/wp-content\/uploads\/2025\/12\/Aspirantes-Ingreso-2026-Prof-de-Ed-Primaria.pdf\">Listado de Aspirantes<\/a> que presentaron legajo para el ingreso al Profesorado de Educaci\u00f3n Primaria 2026<\/p>\n\n\n\n<p><a href=\"https:\/\/isfd18-bue.infd.edu.ar\/sitio\/wp-content\/uploads\/2025\/12\/PRIMARIA_2026_cuaderillo-de-ingreso.pdf\" data-type=\"URL\" data-id=\"https:\/\/isfd18-bue.infd.edu.ar\/sitio\/wp-content\/uploads\/2025\/12\/PRIMARIA_2026_cuaderillo-de-ingreso.pdf\">M\u00d3DULO DE ACOMPA\u00d1AMIENTO &#8211; PROF DE EDUCACI\u00d3N PRIMARIA<\/a><\/p>\n\n\n\n<hr class=\"wp-block-separator has-alpha-channel-opacity\"\/>\n\n\n\n<p class=\"has-text-align-center has-large-font-size\">PROFESORADO DE EDUCACI\u00d3N F\u00cdSICA<\/p>\n\n\n\n<p>Las y los aspirantes que figuran en el listado  deber\u00e1n entregar el d\u00eda 19\/02\/2026, en la Biblioteca del Instituto, de 9 a 20 hs los Trabajo Pr\u00e1cticos que se especifican en el m\u00f3dulo. Esta actividad confirmar\u00e1 la vacante.<\/p>\n\n\n\n<p>Tambi\u00e9n deber\u00e1n presenta la Planilla de Examen Cl\u00ednico.<\/p>\n\n\n\n<p>El <strong>viernes 20 de Febrero de 2026 a las 18 hs<\/strong>. deber\u00e1n participar del <strong>1er Encuentro de Ambientaci\u00f3n Institucional presencial<\/strong> durante el mismo se  informar\u00e1n las fechas de los siguientes Encuentros (los mismos se desarrollar\u00e1n del 25\/02 al 06\/03)<\/p>\n\n\n\n<p>Luego del sorteo se sube aqu\u00ed el <a href=\"https:\/\/isfd18-bue.infd.edu.ar\/sitio\/wp-content\/uploads\/2025\/12\/Aspirantes-al-Ingreso-Ed-Fisica-2026.pdf\" data-type=\"URL\" data-id=\"https:\/\/isfd18-bue.infd.edu.ar\/sitio\/wp-content\/uploads\/2025\/12\/Aspirantes-al-Ingreso-Ed-Fisica-2026.pdf\">Listado de Aspirantes para el ingreso al Profesorado de Educaci\u00f3n F\u00edsica 2026<\/a><\/p>\n\n\n\n<p><a href=\"https:\/\/isfd18-bue.infd.edu.ar\/sitio\/wp-content\/uploads\/2025\/12\/CUADERNILLO-INGRESO-2026-EDUCACION-FISICA.pdf\" data-type=\"URL\" data-id=\"https:\/\/isfd18-bue.infd.edu.ar\/sitio\/wp-content\/uploads\/2025\/12\/CUADERNILLO-INGRESO-2026-EDUCACION-FISICA.pdf\">M\u00d3DULO DE ACOMPA\u00d1AMIENTO &#8211; PROFESORADO DE EDUCACI\u00d3N F\u00cdSICA<\/a><\/p>\n\n\n\n<p>__________________________________________________________________________________________________________________<\/p>\n\n\n\n<p class=\"has-text-align-center has-large-font-size\">TECNICATURA SUPERIOR EN FONOAUDIOLOG\u00cdA<\/p>\n\n\n\n<p>Aqu\u00ed, se expone luego del sorteo el <a href=\"https:\/\/isfd18-bue.infd.edu.ar\/sitio\/wp-content\/uploads\/2025\/12\/Aspirantes-al-Ingreso-Fono-2026.pdf\" data-type=\"URL\" data-id=\"https:\/\/isfd18-bue.infd.edu.ar\/sitio\/wp-content\/uploads\/2025\/12\/Aspirantes-al-Ingreso-Fono-2026.pdf\">listado de aspirantes que obtuvieron la vacante a la TECNICATURA SUPERIOR EN FONOAUDIOLOG\u00cdA<\/a> de acuerdo al n\u00famero que result\u00f3 de la Loter\u00eda Nacional Nocturna.<\/p>\n\n\n\n<p>Los aspirantes que figuran en el listado (principal) deber\u00e1n presentar la Planilla de Examen Cl\u00ednico los d\u00edas 24 febrero de 2026 de 18 a 20 hs y\/o el 25 de febrero de 2026 a las 18 hs. como as\u00ed tambi\u00e9n deber\u00e1n participar obligatoriamente de la Evaluaci\u00f3n de Salud Fonoaudiol\u00f3gica, que ser\u00e1 realizada por los docentes de la Instituci\u00f3n el d\u00eda 25 de febrero a las 18 hs. Esta evaluaci\u00f3n es determinante. Quienes no asistan perder\u00e1n la vacante.<\/p>\n\n\n\n<hr class=\"wp-block-separator has-alpha-channel-opacity\"\/>\n\n\n\n<p class=\"has-accent-color has-text-color\"><strong><em>Documentaci\u00f3n b\u00e1sica a Presentar:<\/em><\/strong> (Chequear en el instructivo fechas y horarios en que tienen que presentarlo)<\/p>\n\n\n\n<ul>\n<li><strong>FOTOCOPIA DE DNI ACTUALIZADO<\/strong>: (TARJETA). En caso de extrav\u00edo, se deber\u00e1 presentar la constancia de tramitaci\u00f3n y fotocopia de partida de nacimiento (2 copias: una pegada en el formulario y la otra se entrega en el folio)<\/li>\n<\/ul>\n\n\n\n<ul>\n<li><strong>FOTOCOPIA DE PARTIDA DE NACIMIENTO y\/o CERT. NACIMIENTO<\/strong><\/li>\n<\/ul>\n\n\n\n<ul>\n<li><strong>FOTOCOPIA DE LA CONSTANCIA DE CUIL<\/strong><\/li>\n<\/ul>\n\n\n\n<ul>\n<li><strong>FOTOCOPIA DEL CARNET DE LA OBRA SOCIAL (solo quienes posean obra social)<\/strong><\/li>\n<\/ul>\n\n\n\n<ul>\n<li><strong>CERTIFICADO ANAL\u00cdTICO DEL NIVEL SECUNDARIO:<\/strong><\/li>\n\n\n\n<li><strong><em>Egresados 2025: Constancia Provisoria de finalizaci\u00f3n de estudios: <\/em><\/strong>\u00abEs <strong>Obligatorio y Excluyente<\/strong> tener finalizado el Nivel Secundario para ingresar al Nivel Superior. Seg\u00fan figura el la <strong>Res<\/strong>. <strong>4196\/24<\/strong>, <strong>Cap\u00edtulo 3<\/strong>: <strong>R\u00e9gimen Acad\u00e9mico Marco<\/strong><\/li>\n\n\n\n<li><strong><em>Egresados de A\u00f1os Anteriores: <\/em><\/strong>Anal\u00edtico completo, original y fotocopia registrada en el Consejo Escolar de su domicilio.<\/li>\n\n\n\n<li><strong>DOS FOTOS CARNET: (<\/strong>4&#215;4<strong>) <\/strong>actualizadas, con Apellido y Nombre al dorso de cada una(para agregar a la solicitud)<\/li>\n<\/ul>\n","protected":false},"excerpt":{"rendered":"<p>MUY IMPORTANTE Debido al PARO notificado para el d\u00eda jueves 19\/02 los ASPIRANTES al INGRESO del PROFESORADO DE EDUCACI\u00d3N F\u00cdSICA podr\u00e1n presentar los Trabajos Pr\u00e1cticos y la Ficha de Salud el d\u00eda viernes 20\/02 de 8.30 a 14 hs. _________________________________________________________________________________________________________________________________ DESCARGAR DE AQU\u00cd LA PLANILLA DE EXAMEN CL\u00cdNICO _________________________________________________________________________________________________________________________________ Datos Institucionales: PROFESORADOS DE INGL\u00c9S Y &#8230; <a title=\"\" class=\"read-more\" href=\"https:\/\/isfd18-bue.infd.edu.ar\/sitio\/ingreso-2021\/\" aria-label=\"More on \">[+]<\/a><\/p>\n","protected":false},"author":1719,"featured_media":0,"parent":0,"menu_order":0,"comment_status":"closed","ping_status":"closed","template":"","meta":[],"acf":[],"_links":{"self":[{"href":"https:\/\/isfd18-bue.infd.edu.ar\/sitio\/wp-json\/wp\/v2\/pages\/1516"}],"collection":[{"href":"https:\/\/isfd18-bue.infd.edu.ar\/sitio\/wp-json\/wp\/v2\/pages"}],"about":[{"href":"https:\/\/isfd18-bue.infd.edu.ar\/sitio\/wp-json\/wp\/v2\/types\/page"}],"author":[{"embeddable":true,"href":"https:\/\/isfd18-bue.infd.edu.ar\/sitio\/wp-json\/wp\/v2\/users\/1719"}],"replies":[{"embeddable":true,"href":"https:\/\/isfd18-bue.infd.edu.ar\/sitio\/wp-json\/wp\/v2\/comments?post=1516"}],"version-history":[{"count":234,"href":"https:\/\/isfd18-bue.infd.edu.ar\/sitio\/wp-json\/wp\/v2\/pages\/1516\/revisions"}],"predecessor-version":[{"id":4122,"href":"https:\/\/isfd18-bue.infd.edu.ar\/sitio\/wp-json\/wp\/v2\/pages\/1516\/revisions\/4122"}],"wp:attachment":[{"href":"https:\/\/isfd18-bue.infd.edu.ar\/sitio\/wp-json\/wp\/v2\/media?parent=1516"}],"curies":[{"name":"wp","href":"https:\/\/api.w.org\/{rel}","templated":true}]}}