{"id":1378,"date":"2020-03-24T19:41:20","date_gmt":"2020-03-24T22:41:20","guid":{"rendered":"https:\/\/isfd18-bue.infd.edu.ar\/sitio\/?page_id=1378"},"modified":"2026-02-17T18:15:53","modified_gmt":"2026-02-17T21:15:53","slug":"horarios-tec-sup-en-fonoaudiologia","status":"publish","type":"page","link":"https:\/\/isfd18-bue.infd.edu.ar\/sitio\/horarios-tec-sup-en-fonoaudiologia\/","title":{"rendered":"Horarios Tec. Sup. en Fonoaudiolog\u00eda"},"content":{"rendered":"<h4 style=\"text-align: center;\"><strong>CICLO LECTIVO 2026<\/strong><\/h4>\n<p>(Los horarios que a continuaci\u00f3n se incluyen podr\u00e1n tener modificaciones de acuerdo a las necesidades Institucionales.)<\/p>\n<p>Los <span style=\"color: #ff0000;\">Horarios de la Pr\u00e1ctica Profesionalizante<\/span> ser\u00e1n publicados luego de la organizaci\u00f3n de los grupos correspondientes a cada curso<\/p>\n<p><a href=\"https:\/\/isfd18-bue.infd.edu.ar\/sitio\/wp-content\/uploads\/2026\/02\/1o-FONO-2026.pdf\">Horario 2026 &#8211; 1\u00b0 Fonoaudiolog\u00eda<\/a><\/p>\n<p><a href=\"https:\/\/isfd18-bue.infd.edu.ar\/sitio\/wp-content\/uploads\/2026\/02\/2o-FONO-2026.pdf\">Horario 2026 &#8211; 2\u00b0 Fonoaudiolog\u00eda<\/a><\/p>\n<p><a href=\"https:\/\/isfd18-bue.infd.edu.ar\/sitio\/wp-content\/uploads\/2026\/02\/3o-FONO-2026.pdf\">Horario 2026 &#8211; 3\u00b0 Fonoaudiolog\u00eda<\/a><\/p>\n<p><a href=\"https:\/\/isfd18-bue.infd.edu.ar\/sitio\/wp-content\/uploads\/2026\/02\/4o-FONO-2026.pdf\">Horario 2026 &#8211; 4\u00b0 Fonoaudiolog\u00eda<\/a><\/p>\n","protected":false},"excerpt":{"rendered":"<p>CICLO LECTIVO 2026 (Los horarios que a continuaci\u00f3n se incluyen podr\u00e1n tener modificaciones de acuerdo a las necesidades Institucionales.) Los Horarios de la Pr\u00e1ctica Profesionalizante ser\u00e1n publicados luego de la organizaci\u00f3n de los grupos correspondientes a cada curso Horario 2026 &#8211; 1\u00b0 Fonoaudiolog\u00eda Horario 2026 &#8211; 2\u00b0 Fonoaudiolog\u00eda Horario 2026 &#8211; 3\u00b0 Fonoaudiolog\u00eda Horario 2026 &#8230; <a title=\"Horarios Tec. Sup. en Fonoaudiolog\u00eda\" class=\"read-more\" href=\"https:\/\/isfd18-bue.infd.edu.ar\/sitio\/horarios-tec-sup-en-fonoaudiologia\/\" aria-label=\"More on Horarios Tec. Sup. en Fonoaudiolog\u00eda\">[+]<\/a><\/p>\n","protected":false},"author":1515,"featured_media":0,"parent":0,"menu_order":0,"comment_status":"closed","ping_status":"closed","template":"","meta":[],"acf":[],"_links":{"self":[{"href":"https:\/\/isfd18-bue.infd.edu.ar\/sitio\/wp-json\/wp\/v2\/pages\/1378"}],"collection":[{"href":"https:\/\/isfd18-bue.infd.edu.ar\/sitio\/wp-json\/wp\/v2\/pages"}],"about":[{"href":"https:\/\/isfd18-bue.infd.edu.ar\/sitio\/wp-json\/wp\/v2\/types\/page"}],"author":[{"embeddable":true,"href":"https:\/\/isfd18-bue.infd.edu.ar\/sitio\/wp-json\/wp\/v2\/users\/1515"}],"replies":[{"embeddable":true,"href":"https:\/\/isfd18-bue.infd.edu.ar\/sitio\/wp-json\/wp\/v2\/comments?post=1378"}],"version-history":[{"count":22,"href":"https:\/\/isfd18-bue.infd.edu.ar\/sitio\/wp-json\/wp\/v2\/pages\/1378\/revisions"}],"predecessor-version":[{"id":4096,"href":"https:\/\/isfd18-bue.infd.edu.ar\/sitio\/wp-json\/wp\/v2\/pages\/1378\/revisions\/4096"}],"wp:attachment":[{"href":"https:\/\/isfd18-bue.infd.edu.ar\/sitio\/wp-json\/wp\/v2\/media?parent=1378"}],"curies":[{"name":"wp","href":"https:\/\/api.w.org\/{rel}","templated":true}]}}