{"id":1342,"date":"2020-03-23T16:24:42","date_gmt":"2020-03-23T19:24:42","guid":{"rendered":"https:\/\/isfd18-bue.infd.edu.ar\/sitio\/?page_id=1342"},"modified":"2020-03-23T16:30:33","modified_gmt":"2020-03-23T19:30:33","slug":"plan-de-estudio-res-n-1860-17","status":"publish","type":"page","link":"https:\/\/isfd18-bue.infd.edu.ar\/sitio\/plan-de-estudio-res-n-1860-17\/","title":{"rendered":"Plan de estudio Res. N\u00b0 1860\/17"},"content":{"rendered":"<p>En este espacio encontraran toda la informaci\u00f3n referida al Plan de Estudio del Profesorado de Ingl\u00e9s<\/p>\n<p><a href=\"https:\/\/isfd18-bue.infd.edu.ar\/sitio\/wp-content\/uploads\/2020\/03\/Dise\u00f1o-Curricular-Prof-de-Ingles.pdf\">Dise\u00f1o Curricular Prof de Ingles<\/a><\/p>\n<p>&nbsp;<\/p>\n<p>En el siguiente link podr\u00e1n acceder a la caja curricular del Profesorado de Ingl\u00e9s a\u00f1o por a\u00f1o<\/p>\n<p><a href=\"https:\/\/isfd18-bue.infd.edu.ar\/sitio\/wp-content\/uploads\/2020\/03\/anexo_ingles_caja_curricular.pdf\">anexo_ingles_caja_curricular<\/a><\/p>\n","protected":false},"excerpt":{"rendered":"<p>En este espacio encontraran toda la informaci\u00f3n referida al Plan de Estudio del Profesorado de Ingl\u00e9s Dise\u00f1o Curricular Prof de Ingles &nbsp; En el siguiente link podr\u00e1n acceder a la caja curricular del Profesorado de Ingl\u00e9s a\u00f1o por a\u00f1o anexo_ingles_caja_curricular<\/p>\n","protected":false},"author":1515,"featured_media":0,"parent":0,"menu_order":0,"comment_status":"closed","ping_status":"closed","template":"","meta":[],"acf":[],"_links":{"self":[{"href":"https:\/\/isfd18-bue.infd.edu.ar\/sitio\/wp-json\/wp\/v2\/pages\/1342"}],"collection":[{"href":"https:\/\/isfd18-bue.infd.edu.ar\/sitio\/wp-json\/wp\/v2\/pages"}],"about":[{"href":"https:\/\/isfd18-bue.infd.edu.ar\/sitio\/wp-json\/wp\/v2\/types\/page"}],"author":[{"embeddable":true,"href":"https:\/\/isfd18-bue.infd.edu.ar\/sitio\/wp-json\/wp\/v2\/users\/1515"}],"replies":[{"embeddable":true,"href":"https:\/\/isfd18-bue.infd.edu.ar\/sitio\/wp-json\/wp\/v2\/comments?post=1342"}],"version-history":[{"count":3,"href":"https:\/\/isfd18-bue.infd.edu.ar\/sitio\/wp-json\/wp\/v2\/pages\/1342\/revisions"}],"predecessor-version":[{"id":1348,"href":"https:\/\/isfd18-bue.infd.edu.ar\/sitio\/wp-json\/wp\/v2\/pages\/1342\/revisions\/1348"}],"wp:attachment":[{"href":"https:\/\/isfd18-bue.infd.edu.ar\/sitio\/wp-json\/wp\/v2\/media?parent=1342"}],"curies":[{"name":"wp","href":"https:\/\/api.w.org\/{rel}","templated":true}]}}